{"id":1355,"date":"2024-08-03T17:04:55","date_gmt":"2024-08-03T15:04:55","guid":{"rendered":"https:\/\/mademoisellelicorne.fr\/?post_type=product&#038;p=1355"},"modified":"2025-12-17T10:39:30","modified_gmt":"2025-12-17T09:39:30","slug":"lacet-tissu","status":"publish","type":"product","link":"https:\/\/mademoisellelicorne.fr\/index.php\/produit\/lacet-tissu\/","title":{"rendered":"Lacet en tissu"},"content":{"rendered":"<p>[et_pb_section fb_built=\u00a0\u00bb1&Prime; _builder_version=\u00a0\u00bb3.22&Prime; custom_padding=\u00a0\u00bb0px||||false|false\u00a0\u00bb][et_pb_row _builder_version=\u00a0\u00bb3.25&Prime; background_size=\u00a0\u00bbinitial\u00a0\u00bb background_position=\u00a0\u00bbtop_left\u00a0\u00bb background_repeat=\u00a0\u00bbrepeat\u00a0\u00bb width=\u00a0\u00bb100%\u00a0\u00bb custom_padding=\u00a0\u00bb0px||0px||false|false\u00a0\u00bb][et_pb_column type=\u00a0\u00bb4_4&Prime; _builder_version=\u00a0\u00bb3.25&Prime; custom_padding=\u00a0\u00bb|||\u00a0\u00bb custom_padding__hover=\u00a0\u00bb|||\u00a0\u00bb][et_pb_wc_breadcrumb _builder_version=\u00a0\u00bb3.0.47&Prime;][\/et_pb_wc_breadcrumb][et_pb_wc_cart_notice _builder_version=\u00a0\u00bb3.0.47&Prime;][\/et_pb_wc_cart_notice][\/et_pb_column][\/et_pb_row][et_pb_row column_structure=\u00a0\u00bb1_2,1_2&Prime; _builder_version=\u00a0\u00bb3.25&Prime; background_size=\u00a0\u00bbinitial\u00a0\u00bb background_position=\u00a0\u00bbtop_left\u00a0\u00bb background_repeat=\u00a0\u00bbrepeat\u00a0\u00bb width=\u00a0\u00bb100%\u00a0\u00bb custom_padding=\u00a0\u00bb0px||||false|false\u00a0\u00bb][et_pb_column type=\u00a0\u00bb1_2&Prime; _builder_version=\u00a0\u00bb3.25&Prime; custom_padding=\u00a0\u00bb|||\u00a0\u00bb custom_padding__hover=\u00a0\u00bb|||\u00a0\u00bb][et_pb_wc_images _builder_version=\u00a0\u00bb3.0.47&Prime;][\/et_pb_wc_images][\/et_pb_column][et_pb_column type=\u00a0\u00bb1_2&Prime; _builder_version=\u00a0\u00bb3.25&Prime; custom_padding=\u00a0\u00bb|||\u00a0\u00bb custom_padding__hover=\u00a0\u00bb|||\u00a0\u00bb][et_pb_wc_title _builder_version=\u00a0\u00bb3.0.47&Prime;][\/et_pb_wc_title][et_pb_wc_rating _builder_version=\u00a0\u00bb3.0.47&Prime;][\/et_pb_wc_rating][et_pb_wc_price _builder_version=\u00a0\u00bb3.0.47&Prime;][\/et_pb_wc_price][et_pb_wc_description _builder_version=\u00a0\u00bb3.0.47&Prime;][\/et_pb_wc_description][et_pb_wc_add_to_cart _builder_version=\u00a0\u00bb3.0.47&Prime;][\/et_pb_wc_add_to_cart][et_pb_wc_meta _builder_version=\u00a0\u00bb3.0.47&Prime;][\/et_pb_wc_meta][\/et_pb_column][\/et_pb_row][et_pb_row _builder_version=\u00a0\u00bb4.7.4&Prime; _module_preset=\u00a0\u00bbdefault\u00a0\u00bb][et_pb_column type=\u00a0\u00bb4_4&Prime; _builder_version=\u00a0\u00bb4.7.4&Prime; _module_preset=\u00a0\u00bbdefault\u00a0\u00bb][et_pb_text _builder_version=\u00a0\u00bb4.7.4&Prime; _module_preset=\u00a0\u00bbdefault\u00a0\u00bb]<\/p>\n<h1>Les Tissus<\/h1>\n<p>[\/et_pb_text][et_pb_gallery _builder_version=\u00a0\u00bb4.7.4&Prime; _module_preset=\u00a0\u00bbdefault\u00a0\u00bb hover_enabled=\u00a0\u00bb0&Prime; gallery_ids=\u00a0\u00bb1597,1598,1599,1600,1601,1602&Prime; sticky_enabled=\u00a0\u00bb0&Prime;][\/et_pb_gallery][\/et_pb_column][\/et_pb_row][et_pb_row _builder_version=\u00a0\u00bb3.25&Prime; background_size=\u00a0\u00bbinitial\u00a0\u00bb background_position=\u00a0\u00bbtop_left\u00a0\u00bb background_repeat=\u00a0\u00bbrepeat\u00a0\u00bb width=\u00a0\u00bb100%\u00a0\u00bb][et_pb_column type=\u00a0\u00bb4_4&Prime; _builder_version=\u00a0\u00bb3.25&Prime; custom_padding=\u00a0\u00bb|||\u00a0\u00bb custom_padding__hover=\u00a0\u00bb|||\u00a0\u00bb][et_pb_wc_tabs _builder_version=\u00a0\u00bb3.0.47&Prime;]\t\t\t\t\t[\/et_pb_wc_tabs][et_pb_wc_upsells _builder_version=\u00a0\u00bb3.0.47&Prime;][\/et_pb_wc_upsells][et_pb_wc_related_products _builder_version=\u00a0\u00bb3.0.47&Prime;][\/et_pb_wc_related_products][\/et_pb_column][\/et_pb_row][\/et_pb_section]<\/p>\n","protected":false},"excerpt":{"rendered":"<p>M\u00eame nos chaussures ont le droits \u00e0 leur touche de couleur gr\u00e2ce \u00e0 ces lacets en tissu.<br \/>\nA coordonner avec un chouchou.<\/p>\n","protected":false},"featured_media":1359,"comment_status":"open","ping_status":"closed","template":"","meta":{"_et_pb_use_builder":"on","_et_pb_old_content":"Superbe lacet fait en tissu 100% coton.\r\n\r\nIls mettront une touche de couleur \u00e0 vos chaussures que ce soit basket, sneakers, chaussures en toile et bien d'autres.\r\n\r\nA utiliser au quotidien mais \u00e9galement lors de vos sorties, vous pourrez rajouter cet accessoire \u00e0 votre tenu et \u00e9galement faire un rappel avec le chouchou ou le headband qui sera dans vos cheveux mais \u00e9galement avec le noeud papillon de votre compagnon.\r\n\r\nLes lacets sont confectionn\u00e9s avec du tissu 100% eco responsable. Les embouts sont en acier afin d'offrir une belle finition et une durabilit\u00e9 de ceux ci lorsque vous les enfilerez ou les retirerez de vos chaussures.\r\n\r\nDimension:\r\nDisponible en 3 tailles afin de s'adapter aux petits pieds comme aux grands.\r\n\r\nA titre indicatif:\r\n75cm -&gt; corresponds \u00e0 des chaussures avec 4 paires d'oeillets\r\n92cm -&gt; corresponds \u00e0 des chaussures de 5-6 paires d'oeillets\r\n120cm -&gt; corresponds \u00e0 des chaussures de 6-7 paires d'oeillets.\r\n\r\nLes embouts font 3,5-4mm ce qui corresponds \u00e0 des trous standards.\r\n\r\nSi vous souhaitez des lacets plus court ou plus long, contactez moi afin de les faire sur mesure.\r\n\r\nEntretien :\r\n\r\nLavage : 30-40\u00b0C \/\/ Je vous conseille des mettre vos lacets dans un <a href=\"https:\/\/mademoisellelicorne.fr\/index.php\/produit\/filet-lavage\/\">filet de lavage<\/a> afin de ne pas abimer votre machine avec les embouts\r\nS\u00e8che linge ok\r\nRepassage classique pour du coton","_et_gb_content_width":""},"product_brand":[],"product_cat":[154,158,160],"product_tag":[],"class_list":{"0":"post-1355","1":"product","2":"type-product","3":"status-publish","4":"has-post-thumbnail","6":"product_cat-accessoires","7":"product_cat-adulte","8":"product_cat-maroquinerie-et-sac","9":"wcpa_has_options","11":"first","12":"instock","13":"shipping-taxable","14":"purchasable","15":"product-type-variable"},"jetpack_sharing_enabled":true,"_links":{"self":[{"href":"https:\/\/mademoisellelicorne.fr\/index.php\/wp-json\/wp\/v2\/product\/1355","targetHints":{"allow":["GET"]}}],"collection":[{"href":"https:\/\/mademoisellelicorne.fr\/index.php\/wp-json\/wp\/v2\/product"}],"about":[{"href":"https:\/\/mademoisellelicorne.fr\/index.php\/wp-json\/wp\/v2\/types\/product"}],"replies":[{"embeddable":true,"href":"https:\/\/mademoisellelicorne.fr\/index.php\/wp-json\/wp\/v2\/comments?post=1355"}],"wp:featuredmedia":[{"embeddable":true,"href":"https:\/\/mademoisellelicorne.fr\/index.php\/wp-json\/wp\/v2\/media\/1359"}],"wp:attachment":[{"href":"https:\/\/mademoisellelicorne.fr\/index.php\/wp-json\/wp\/v2\/media?parent=1355"}],"wp:term":[{"taxonomy":"product_brand","embeddable":true,"href":"https:\/\/mademoisellelicorne.fr\/index.php\/wp-json\/wp\/v2\/product_brand?post=1355"},{"taxonomy":"product_cat","embeddable":true,"href":"https:\/\/mademoisellelicorne.fr\/index.php\/wp-json\/wp\/v2\/product_cat?post=1355"},{"taxonomy":"product_tag","embeddable":true,"href":"https:\/\/mademoisellelicorne.fr\/index.php\/wp-json\/wp\/v2\/product_tag?post=1355"}],"curies":[{"name":"wp","href":"https:\/\/api.w.org\/{rel}","templated":true}]}}

<p>Même nos chaussures ont le droits à leur touche de couleur grâce à ces lacets en tissu.<br />
A coordonner avec un chouchou.</p>

Superbe lacet fait en tissu 100% coton.

Ils mettront une touche de couleur à vos chaussures que ce soit basket, sneakers, chaussures en toile et bien d'autres.

A utiliser au quotidien mais également lors de vos sorties, vous pourrez rajouter cet accessoire à votre tenu et également faire un rappel avec le chouchou ou le headband qui sera dans vos cheveux mais également avec le noeud papillon de votre compagnon.

Les lacets sont confectionnés avec du tissu 100% eco responsable. Les embouts sont en acier afin d'offrir une belle finition et une durabilité de ceux ci lorsque vous les enfilerez ou les retirerez de vos chaussures.

Dimension:
Disponible en 3 tailles afin de s'adapter aux petits pieds comme aux grands.

A titre indicatif:
75cm -&gt; corresponds à des chaussures avec 4 paires d'oeillets
92cm -&gt; corresponds à des chaussures de 5-6 paires d'oeillets
120cm -&gt; corresponds à des chaussures de 6-7 paires d'oeillets.

Les embouts font 3,5-4mm ce qui corresponds à des trous standards.

Si vous souhaitez des lacets plus court ou plus long, contactez moi afin de les faire sur mesure.

Entretien :

Lavage : 30-40°C // Je vous conseille des mettre vos lacets dans un <a href="https://mademoisellelicorne.fr/index.php/produit/filet-lavage/">filet de lavage</a> afin de ne pas abimer votre machine avec les embouts
Sèche linge ok
Repassage classique pour du coton
