{"id":1923,"date":"2026-09-04T14:33:50","date_gmt":"2026-09-04T12:33:50","guid":{"rendered":"https:\/\/mademoisellelicorne.fr\/?post_type=product&#038;p=1923"},"modified":"2026-09-04T15:58:34","modified_gmt":"2026-09-04T13:58:34","slug":"pochette-nomade","status":"publish","type":"product","link":"https:\/\/mademoisellelicorne.fr\/index.php\/produit\/pochette-nomade\/","title":{"rendered":"Pochette nomade multi-poche"},"content":{"rendered":"<p>[et_pb_section fb_built=\u00a0\u00bb1&Prime; _builder_version=\u00a0\u00bb3.22&Prime; custom_padding=\u00a0\u00bb0px||||false|false\u00a0\u00bb][et_pb_row _builder_version=\u00a0\u00bb3.25&Prime; background_size=\u00a0\u00bbinitial\u00a0\u00bb background_position=\u00a0\u00bbtop_left\u00a0\u00bb background_repeat=\u00a0\u00bbrepeat\u00a0\u00bb width=\u00a0\u00bb100%\u00a0\u00bb custom_padding=\u00a0\u00bb0px||0px||false|false\u00a0\u00bb][et_pb_column type=\u00a0\u00bb4_4&Prime; _builder_version=\u00a0\u00bb3.25&Prime; custom_padding=\u00a0\u00bb|||\u00a0\u00bb custom_padding__hover=\u00a0\u00bb|||\u00a0\u00bb][et_pb_wc_breadcrumb _builder_version=\u00a0\u00bb3.0.47&Prime;][\/et_pb_wc_breadcrumb][et_pb_wc_cart_notice _builder_version=\u00a0\u00bb3.0.47&Prime;][\/et_pb_wc_cart_notice][\/et_pb_column][\/et_pb_row][et_pb_row column_structure=\u00a0\u00bb1_2,1_2&Prime; _builder_version=\u00a0\u00bb3.25&Prime; background_size=\u00a0\u00bbinitial\u00a0\u00bb background_position=\u00a0\u00bbtop_left\u00a0\u00bb background_repeat=\u00a0\u00bbrepeat\u00a0\u00bb width=\u00a0\u00bb100%\u00a0\u00bb custom_padding=\u00a0\u00bb0px||||false|false\u00a0\u00bb][et_pb_column type=\u00a0\u00bb1_2&Prime; _builder_version=\u00a0\u00bb3.25&Prime; custom_padding=\u00a0\u00bb|||\u00a0\u00bb custom_padding__hover=\u00a0\u00bb|||\u00a0\u00bb][et_pb_wc_images _builder_version=\u00a0\u00bb3.0.47&Prime;][\/et_pb_wc_images][\/et_pb_column][et_pb_column type=\u00a0\u00bb1_2&Prime; _builder_version=\u00a0\u00bb3.25&Prime; custom_padding=\u00a0\u00bb|||\u00a0\u00bb custom_padding__hover=\u00a0\u00bb|||\u00a0\u00bb][et_pb_wc_title _builder_version=\u00a0\u00bb3.0.47&Prime;][\/et_pb_wc_title][et_pb_wc_rating _builder_version=\u00a0\u00bb3.0.47&Prime;][\/et_pb_wc_rating][et_pb_wc_price _builder_version=\u00a0\u00bb3.0.47&Prime;][\/et_pb_wc_price][et_pb_wc_description _builder_version=\u00a0\u00bb3.0.47&Prime;][\/et_pb_wc_description][et_pb_wc_add_to_cart _builder_version=\u00a0\u00bb3.0.47&Prime;][\/et_pb_wc_add_to_cart][et_pb_wc_meta _builder_version=\u00a0\u00bb3.0.47&Prime;][\/et_pb_wc_meta][\/et_pb_column][\/et_pb_row][et_pb_row _builder_version=\u00a0\u00bb4.7.4&Prime; _module_preset=\u00a0\u00bbdefault\u00a0\u00bb][et_pb_column type=\u00a0\u00bb4_4&Prime; _builder_version=\u00a0\u00bb4.7.4&Prime; _module_preset=\u00a0\u00bbdefault\u00a0\u00bb][et_pb_text _builder_version=\u00a0\u00bb4.7.4&Prime; _module_preset=\u00a0\u00bbdefault\u00a0\u00bb]<\/p>\n<h1>Les Tissus<\/h1>\n<p>[\/et_pb_text][et_pb_gallery gallery_ids=\u00a0\u00bb1783,1784,1785,1786,1787,1788,1810,1789,1790,1791,1793,1794,1795,1808,1809&Prime; _builder_version=\u00a0\u00bb4.7.4&Prime; _module_preset=\u00a0\u00bbdefault\u00a0\u00bb][\/et_pb_gallery][\/et_pb_column][\/et_pb_row][et_pb_row _builder_version=\u00a0\u00bb3.25&Prime; background_size=\u00a0\u00bbinitial\u00a0\u00bb background_position=\u00a0\u00bbtop_left\u00a0\u00bb background_repeat=\u00a0\u00bbrepeat\u00a0\u00bb width=\u00a0\u00bb100%\u00a0\u00bb][et_pb_column type=\u00a0\u00bb4_4&Prime; _builder_version=\u00a0\u00bb3.25&Prime; custom_padding=\u00a0\u00bb|||\u00a0\u00bb custom_padding__hover=\u00a0\u00bb|||\u00a0\u00bb][et_pb_wc_tabs _builder_version=\u00a0\u00bb3.0.47&Prime;] [\/et_pb_wc_tabs][et_pb_wc_upsells _builder_version=\u00a0\u00bb3.0.47&Prime;][\/et_pb_wc_upsells][et_pb_wc_related_products _builder_version=\u00a0\u00bb3.0.47&Prime;][\/et_pb_wc_related_products][\/et_pb_column][\/et_pb_row][\/et_pb_section]<\/p>\n","protected":false},"excerpt":{"rendered":"<p>Petite pochette id\u00e9al \u00e0 glisser dans votre sac \u00e0 main.<\/p>\n","protected":false},"featured_media":1912,"comment_status":"open","ping_status":"closed","template":"","meta":{"_et_pb_use_builder":"on","_et_pb_old_content":"<div class=\"\" data-block=\"true\" data-editor=\"6hnug\" data-offset-key=\"vj8s-0-0\">\r\n<div class=\"_1mf _1mj\" data-offset-key=\"vj8s-0-0\">\r\n\r\nD\u00e9couvrez notre pochette nomade, pens\u00e9e pour organiser facilement vos essentiels du quotidien ! Que ce soit pour ranger votre pharmacie de voyage, votre maquillage, vos accessoires de couture ou vos fournitures cr\u00e9atives, ses 3 compartiments zipp\u00e9s en filet vous permettent de tout visualiser et retrouver en un clin d\u2019\u0153il.\r\n\r\nLes points forts :\r\n\r\nVisibilit\u00e9 optimale : Pochettes en filet transparentes pour acc\u00e9der rapidement \u00e0 ce dont vous avez besoin.\r\nCompacte &amp; Suspendue : S'ouvre et se d\u00e9roule facilement ; dot\u00e9e d'une patte de fermeture \u00e0 pression.\r\nPratique &amp; Polyvalente : Id\u00e9ale comme trousse \u00e0 pharmacie nomade, rangement d'accessoires ou produit d'hygi\u00e8ne.\r\n\r\n\ud83d\udca1 Id\u00e9es d\u2019organisation (Exemple : Trousse \u00e0 Pharmacie Nomade)\r\n\r\nGr\u00e2ce \u00e0 ses 3 compartiments distincts, organisez votre trousse selon vos besoins :\r\n\r\n1. Pochette du haut \u00a0: Petits soins et premiers secours (pansements, compresses individuelles, unidoses, pince \u00e0 \u00e9piler).\r\n\r\n2. Pochette du milieu : Traitements du quotidien (plaquettes de g\u00e9lules et comprim\u00e9s).\r\n\r\n3. Pochette du bas \u00a0: Mat\u00e9riel plus volumineux (bandes de gaze, tube de cr\u00e8me, thermom\u00e8tre).\r\n\r\nCaract\u00e9ristiques techniques :\r\n\r\n<span class=\"Apple-converted-space\">\u00a0<\/span>Dimensions (d\u00e9pli\u00e9e) : <i>15 cm x 35 cm<\/i><i><\/i>\r\n\r\n<span class=\"Apple-converted-space\">\u00a0<\/span>Dimensions (pli\u00e9e) : <i>15 cm x 12 cm<\/i><i><\/i>\r\n\r\n<span class=\"Apple-converted-space\">\u00a0<\/span>Mat\u00e9riaux : Tissu coton (int\u00e9rieur), velours c\u00f4tel\u00e9 ou coton (exterieur), filet mesh r\u00e9sistant, fermetures \u00e0 glissi\u00e8re, bouton pression.\r\n\r\n<span class=\"Apple-converted-space\">\u00a0<\/span>Fermeture : 3 zips individuels + fermeture globale par bouton pression.\r\n\r\n<span class=\"Apple-converted-space\">\u00a0<\/span>Entretien : Lavage doux en machine \u00e0 30\u00b0C de pr\u00e9f\u00e9rence dans un filet de lavage. S\u00e9chage \u00e0 l'air libre. Ne pas repasser.\r\n\r\nSi vous choisissez l'option Broderie, renseignez votre pr\u00e9nom dans le champ pr\u00e9vu \u00e0 cet effet.\r\n\r\n<\/div>\r\n<\/div>","_et_gb_content_width":""},"product_brand":[],"product_cat":[159,154,158,160],"product_tag":[],"class_list":["post-1923","product","type-product","status-publish","has-post-thumbnail","product_cat-accessoire-beaute","product_cat-accessoires","product_cat-adulte","product_cat-maroquinerie-et-sac","wcpa_has_options","first","instock","shipping-taxable","purchasable","product-type-variable","has-default-attributes"],"jetpack_sharing_enabled":true,"_links":{"self":[{"href":"https:\/\/mademoisellelicorne.fr\/index.php\/wp-json\/wp\/v2\/product\/1923","targetHints":{"allow":["GET"]}}],"collection":[{"href":"https:\/\/mademoisellelicorne.fr\/index.php\/wp-json\/wp\/v2\/product"}],"about":[{"href":"https:\/\/mademoisellelicorne.fr\/index.php\/wp-json\/wp\/v2\/types\/product"}],"replies":[{"embeddable":true,"href":"https:\/\/mademoisellelicorne.fr\/index.php\/wp-json\/wp\/v2\/comments?post=1923"}],"wp:featuredmedia":[{"embeddable":true,"href":"https:\/\/mademoisellelicorne.fr\/index.php\/wp-json\/wp\/v2\/media\/1912"}],"wp:attachment":[{"href":"https:\/\/mademoisellelicorne.fr\/index.php\/wp-json\/wp\/v2\/media?parent=1923"}],"wp:term":[{"taxonomy":"product_brand","embeddable":true,"href":"https:\/\/mademoisellelicorne.fr\/index.php\/wp-json\/wp\/v2\/product_brand?post=1923"},{"taxonomy":"product_cat","embeddable":true,"href":"https:\/\/mademoisellelicorne.fr\/index.php\/wp-json\/wp\/v2\/product_cat?post=1923"},{"taxonomy":"product_tag","embeddable":true,"href":"https:\/\/mademoisellelicorne.fr\/index.php\/wp-json\/wp\/v2\/product_tag?post=1923"}],"curies":[{"name":"wp","href":"https:\/\/api.w.org\/{rel}","templated":true}]}}

<p>Petite pochette idéal à glisser dans votre sac à main.</p>

<div class="" data-block="true" data-editor="6hnug" data-offset-key="vj8s-0-0">
<div class="_1mf _1mj" data-offset-key="vj8s-0-0">

Découvrez notre pochette nomade, pensée pour organiser facilement vos essentiels du quotidien ! Que ce soit pour ranger votre pharmacie de voyage, votre maquillage, vos accessoires de couture ou vos fournitures créatives, ses 3 compartiments zippés en filet vous permettent de tout visualiser et retrouver en un clin d’œil.

Les points forts :

Visibilité optimale : Pochettes en filet transparentes pour accéder rapidement à ce dont vous avez besoin.
Compacte &amp; Suspendue : S'ouvre et se déroule facilement ; dotée d'une patte de fermeture à pression.
Pratique &amp; Polyvalente : Idéale comme trousse à pharmacie nomade, rangement d'accessoires ou produit d'hygiène.

💡 Idées d’organisation (Exemple : Trousse à Pharmacie Nomade)

Grâce à ses 3 compartiments distincts, organisez votre trousse selon vos besoins :

1. Pochette du haut  : Petits soins et premiers secours (pansements, compresses individuelles, unidoses, pince à épiler).

2. Pochette du milieu : Traitements du quotidien (plaquettes de gélules et comprimés).

3. Pochette du bas  : Matériel plus volumineux (bandes de gaze, tube de crème, thermomètre).

Caractéristiques techniques :

<span class="Apple-converted-space"> </span>Dimensions (dépliée) : <i>15 cm x 35 cm</i><i></i>

<span class="Apple-converted-space"> </span>Dimensions (pliée) : <i>15 cm x 12 cm</i><i></i>

<span class="Apple-converted-space"> </span>Matériaux : Tissu coton (intérieur), velours côtelé ou coton (exterieur), filet mesh résistant, fermetures à glissière, bouton pression.

<span class="Apple-converted-space"> </span>Fermeture : 3 zips individuels + fermeture globale par bouton pression.

<span class="Apple-converted-space"> </span>Entretien : Lavage doux en machine à 30°C de préférence dans un filet de lavage. Séchage à l'air libre. Ne pas repasser.

Si vous choisissez l'option Broderie, renseignez votre prénom dans le champ prévu à cet effet.

</div>
</div>
