{"id":547,"date":"2022-04-08T20:47:39","date_gmt":"2022-04-08T18:47:39","guid":{"rendered":"https:\/\/mademoisellelicorne.fr\/?post_type=product&#038;p=547"},"modified":"2022-11-29T00:05:25","modified_gmt":"2022-11-28T23:05:25","slug":"sac-bandouliere","status":"publish","type":"product","link":"https:\/\/mademoisellelicorne.fr\/index.php\/produit\/sac-bandouliere\/","title":{"rendered":"Sac Bandouli\u00e8re"},"content":{"rendered":"<p>[et_pb_section fb_built=\u00a0\u00bb1&Prime; _builder_version=\u00a0\u00bb3.22&Prime; custom_padding=\u00a0\u00bb0px||||false|false\u00a0\u00bb][et_pb_row _builder_version=\u00a0\u00bb3.25&Prime; background_size=\u00a0\u00bbinitial\u00a0\u00bb background_position=\u00a0\u00bbtop_left\u00a0\u00bb background_repeat=\u00a0\u00bbrepeat\u00a0\u00bb width=\u00a0\u00bb100%\u00a0\u00bb custom_padding=\u00a0\u00bb0px||0px||false|false\u00a0\u00bb][et_pb_column type=\u00a0\u00bb4_4&Prime; _builder_version=\u00a0\u00bb3.25&Prime; custom_padding=\u00a0\u00bb|||\u00a0\u00bb custom_padding__hover=\u00a0\u00bb|||\u00a0\u00bb][et_pb_wc_breadcrumb _builder_version=\u00a0\u00bb3.0.47&Prime;][\/et_pb_wc_breadcrumb][et_pb_wc_cart_notice _builder_version=\u00a0\u00bb3.0.47&Prime;][\/et_pb_wc_cart_notice][\/et_pb_column][\/et_pb_row][et_pb_row column_structure=\u00a0\u00bb1_2,1_2&Prime; _builder_version=\u00a0\u00bb3.25&Prime; background_size=\u00a0\u00bbinitial\u00a0\u00bb background_position=\u00a0\u00bbtop_left\u00a0\u00bb background_repeat=\u00a0\u00bbrepeat\u00a0\u00bb width=\u00a0\u00bb100%\u00a0\u00bb custom_padding=\u00a0\u00bb0px||||false|false\u00a0\u00bb][et_pb_column type=\u00a0\u00bb1_2&Prime; _builder_version=\u00a0\u00bb3.25&Prime; custom_padding=\u00a0\u00bb|||\u00a0\u00bb custom_padding__hover=\u00a0\u00bb|||\u00a0\u00bb][et_pb_wc_images _builder_version=\u00a0\u00bb3.0.47&Prime;][\/et_pb_wc_images][\/et_pb_column][et_pb_column type=\u00a0\u00bb1_2&Prime; _builder_version=\u00a0\u00bb3.25&Prime; custom_padding=\u00a0\u00bb|||\u00a0\u00bb custom_padding__hover=\u00a0\u00bb|||\u00a0\u00bb][et_pb_wc_title _builder_version=\u00a0\u00bb3.0.47&Prime;][\/et_pb_wc_title][et_pb_wc_rating _builder_version=\u00a0\u00bb3.0.47&Prime;][\/et_pb_wc_rating][et_pb_wc_price _builder_version=\u00a0\u00bb3.0.47&Prime;][\/et_pb_wc_price][et_pb_wc_description _builder_version=\u00a0\u00bb3.0.47&Prime;][\/et_pb_wc_description][et_pb_wc_add_to_cart _builder_version=\u00a0\u00bb3.0.47&Prime;][\/et_pb_wc_add_to_cart][et_pb_wc_meta _builder_version=\u00a0\u00bb3.0.47&Prime;][\/et_pb_wc_meta][\/et_pb_column][\/et_pb_row][et_pb_row _builder_version=\u00a0\u00bb4.7.4&Prime; _module_preset=\u00a0\u00bbdefault\u00a0\u00bb][et_pb_column type=\u00a0\u00bb4_4&Prime; _builder_version=\u00a0\u00bb4.7.4&Prime; _module_preset=\u00a0\u00bbdefault\u00a0\u00bb][et_pb_text _builder_version=\u00a0\u00bb4.7.4&Prime; _module_preset=\u00a0\u00bbdefault\u00a0\u00bb]<\/p>\n<h1>Les Tissus<\/h1>\n<p>[\/et_pb_text][et_pb_gallery gallery_ids=\u00a0\u00bb684,685,686,687,679,683,682,681,680,688,689,690,691,535&Prime; _builder_version=\u00a0\u00bb4.7.4&Prime; _module_preset=\u00a0\u00bbdefault\u00a0\u00bb][\/et_pb_gallery][\/et_pb_column][\/et_pb_row][et_pb_row _builder_version=\u00a0\u00bb3.25&Prime; background_size=\u00a0\u00bbinitial\u00a0\u00bb background_position=\u00a0\u00bbtop_left\u00a0\u00bb background_repeat=\u00a0\u00bbrepeat\u00a0\u00bb width=\u00a0\u00bb100%\u00a0\u00bb][et_pb_column type=\u00a0\u00bb4_4&Prime; _builder_version=\u00a0\u00bb3.25&Prime; custom_padding=\u00a0\u00bb|||\u00a0\u00bb custom_padding__hover=\u00a0\u00bb|||\u00a0\u00bb][et_pb_wc_tabs _builder_version=\u00a0\u00bb3.0.47&Prime;] [\/et_pb_wc_tabs][et_pb_wc_upsells _builder_version=\u00a0\u00bb3.0.47&Prime;][\/et_pb_wc_upsells][et_pb_wc_related_products _builder_version=\u00a0\u00bb3.0.47&Prime;][\/et_pb_wc_related_products][\/et_pb_column][\/et_pb_row][\/et_pb_section]<\/p>\n","protected":false},"excerpt":{"rendered":"<p>Sac besace bandouli\u00e8re id\u00e9ale pour le quotidien<\/p>\n<p>Ce joli sac est issu du patron Jude de la cr\u00e9atrice <strong><em>Ceclaptiteolive<\/em><\/strong>.<\/p>\n","protected":false},"featured_media":557,"comment_status":"open","ping_status":"closed","template":"","meta":{"_et_pb_use_builder":"on","_et_pb_old_content":"Tr\u00e8s cr\u00e9atif avec de jolie empi\u00e8cement sur son rabat et l'avant, il sera pratique avec son rabat qui se ferme gr\u00e2ce \u00e0 une attache cartable. Un passepoil finira avec gout le contour des empi\u00e8cements sur le rabat et le devant du sac ainsi que sur les empi\u00e8cements de goussets.\r\n\r\nCot\u00e9 rangement, vous trouverez \u00e0 l'arri\u00e8re une poche zipp\u00e9e et qui peut facilement contenir un t\u00e9l\u00e9phone. A l'int\u00e9rieur, une autre poche zipp\u00e9e et une poche plaqu\u00e9e\r\n\r\nFacile \u00e0 transport\u00e9e gr\u00e2ce \u00e0 sa bandouli\u00e8re r\u00e9glable.\r\n\r\nDimension: Environ 30cm de large sur 21cm de hauteur. Bandouli\u00e8re r\u00e9glable de 130cm.\r\n\r\nFaites votre choix parmi un large choix de tissu en indiquant les tissus dans les menus d\u00e9roulant avec la description des pi\u00e8ces.\r\n\r\nLe passepoil est en option.\r\n\r\nLe tissu principal sera utilis\u00e9 pour le corps du sac et le rabat.\r\n\r\nLe tissu contrastant sera utilis\u00e9 pour l'empi\u00e8cement du rabat du sac, les goussets lat\u00e9raux ainsi que la poche plaqu\u00e9e. Des tissus compl\u00e9mentaires sont disponibles dans les chutes sur cette <a href=\"https:\/\/mademoisellelicorne.fr\/index.php\/les-chutes-de-tissus\/\">page<\/a>. Indiquez le tissu choisi dans le champ pr\u00e9vu \u00e0 cet effet.\r\n\r\nLe tissu doublure (int\u00e9rieur du sac) sera utilis\u00e9 pour le dos du rabat, les empi\u00e8cements sur le corps du sac et l'int\u00e9rieur des poches zipp\u00e9es.\r\nDes tissus compl\u00e9mentaires sont disponibles dans les chutes sur cette <a href=\"https:\/\/mademoisellelicorne.fr\/index.php\/les-chutes-de-tissus\/\">page<\/a>. Indiquez le tissu choisi dans le champ pr\u00e9vu \u00e0 cet effet. Les chutes ne seront disponible que pour les empi\u00e8cements sur le corps du sac.\r\n\r\nN'h\u00e9sitez pas \u00e0 me contacter si vous avez des demandes particuli\u00e8res sur les empi\u00e8cements.","_et_gb_content_width":""},"product_brand":[],"product_cat":[160],"product_tag":[],"class_list":{"0":"post-547","1":"product","2":"type-product","3":"status-publish","4":"has-post-thumbnail","6":"product_cat-maroquinerie-et-sac","7":"wcpa_has_options","9":"first","10":"instock","11":"shipping-taxable","12":"purchasable","13":"product-type-simple"},"jetpack_sharing_enabled":true,"_links":{"self":[{"href":"https:\/\/mademoisellelicorne.fr\/index.php\/wp-json\/wp\/v2\/product\/547","targetHints":{"allow":["GET"]}}],"collection":[{"href":"https:\/\/mademoisellelicorne.fr\/index.php\/wp-json\/wp\/v2\/product"}],"about":[{"href":"https:\/\/mademoisellelicorne.fr\/index.php\/wp-json\/wp\/v2\/types\/product"}],"replies":[{"embeddable":true,"href":"https:\/\/mademoisellelicorne.fr\/index.php\/wp-json\/wp\/v2\/comments?post=547"}],"wp:featuredmedia":[{"embeddable":true,"href":"https:\/\/mademoisellelicorne.fr\/index.php\/wp-json\/wp\/v2\/media\/557"}],"wp:attachment":[{"href":"https:\/\/mademoisellelicorne.fr\/index.php\/wp-json\/wp\/v2\/media?parent=547"}],"wp:term":[{"taxonomy":"product_brand","embeddable":true,"href":"https:\/\/mademoisellelicorne.fr\/index.php\/wp-json\/wp\/v2\/product_brand?post=547"},{"taxonomy":"product_cat","embeddable":true,"href":"https:\/\/mademoisellelicorne.fr\/index.php\/wp-json\/wp\/v2\/product_cat?post=547"},{"taxonomy":"product_tag","embeddable":true,"href":"https:\/\/mademoisellelicorne.fr\/index.php\/wp-json\/wp\/v2\/product_tag?post=547"}],"curies":[{"name":"wp","href":"https:\/\/api.w.org\/{rel}","templated":true}]}}

Sac Bandoulière

<p>Sac besace bandoulière idéale pour le quotidien</p>
<p>Ce joli sac est issu du patron Jude de la créatrice <strong><em>Ceclaptiteolive</em></strong>.</p>

Très créatif avec de jolie empiècement sur son rabat et l'avant, il sera pratique avec son rabat qui se ferme grâce à une attache cartable. Un passepoil finira avec gout le contour des empiècements sur le rabat et le devant du sac ainsi que sur les empiècements de goussets.

Coté rangement, vous trouverez à l'arrière une poche zippée et qui peut facilement contenir un téléphone. A l'intérieur, une autre poche zippée et une poche plaquée

Facile à transportée grâce à sa bandoulière réglable.

Dimension: Environ 30cm de large sur 21cm de hauteur. Bandoulière réglable de 130cm.

Faites votre choix parmi un large choix de tissu en indiquant les tissus dans les menus déroulant avec la description des pièces.

Le passepoil est en option.

Le tissu principal sera utilisé pour le corps du sac et le rabat.

Le tissu contrastant sera utilisé pour l'empiècement du rabat du sac, les goussets latéraux ainsi que la poche plaquée. Des tissus complémentaires sont disponibles dans les chutes sur cette <a href="https://mademoisellelicorne.fr/index.php/les-chutes-de-tissus/">page</a>. Indiquez le tissu choisi dans le champ prévu à cet effet.

Le tissu doublure (intérieur du sac) sera utilisé pour le dos du rabat, les empiècements sur le corps du sac et l'intérieur des poches zippées.
Des tissus complémentaires sont disponibles dans les chutes sur cette <a href="https://mademoisellelicorne.fr/index.php/les-chutes-de-tissus/">page</a>. Indiquez le tissu choisi dans le champ prévu à cet effet. Les chutes ne seront disponible que pour les empiècements sur le corps du sac.

N'hésitez pas à me contacter si vous avez des demandes particulières sur les empiècements.
