{"id":612,"date":"2022-05-27T10:11:19","date_gmt":"2022-05-27T08:11:19","guid":{"rendered":"https:\/\/mademoisellelicorne.fr\/?post_type=product&#038;p=612"},"modified":"2024-09-01T14:09:16","modified_gmt":"2024-09-01T12:09:16","slug":"kit-soin-du-visage","status":"publish","type":"product","link":"https:\/\/mademoisellelicorne.fr\/index.php\/produit\/kit-soin-du-visage\/","title":{"rendered":"Kit soin du visage"},"content":{"rendered":"<p>[et_pb_section fb_built=\u00a0\u00bb1&Prime; _builder_version=\u00a0\u00bb3.22&Prime; custom_padding=\u00a0\u00bb0px||||false|false\u00a0\u00bb][et_pb_row _builder_version=\u00a0\u00bb3.25&Prime; background_size=\u00a0\u00bbinitial\u00a0\u00bb background_position=\u00a0\u00bbtop_left\u00a0\u00bb background_repeat=\u00a0\u00bbrepeat\u00a0\u00bb width=\u00a0\u00bb100%\u00a0\u00bb custom_padding=\u00a0\u00bb0px||0px||false|false\u00a0\u00bb][et_pb_column type=\u00a0\u00bb4_4&Prime; _builder_version=\u00a0\u00bb3.25&Prime; custom_padding=\u00a0\u00bb|||\u00a0\u00bb custom_padding__hover=\u00a0\u00bb|||\u00a0\u00bb][et_pb_wc_breadcrumb _builder_version=\u00a0\u00bb3.0.47&Prime;][\/et_pb_wc_breadcrumb][et_pb_wc_cart_notice _builder_version=\u00a0\u00bb3.0.47&Prime;][\/et_pb_wc_cart_notice][\/et_pb_column][\/et_pb_row][et_pb_row column_structure=\u00a0\u00bb1_2,1_2&Prime; _builder_version=\u00a0\u00bb3.25&Prime; background_size=\u00a0\u00bbinitial\u00a0\u00bb background_position=\u00a0\u00bbtop_left\u00a0\u00bb background_repeat=\u00a0\u00bbrepeat\u00a0\u00bb width=\u00a0\u00bb100%\u00a0\u00bb custom_padding=\u00a0\u00bb0px||||false|false\u00a0\u00bb][et_pb_column type=\u00a0\u00bb1_2&Prime; _builder_version=\u00a0\u00bb3.25&Prime; custom_padding=\u00a0\u00bb|||\u00a0\u00bb custom_padding__hover=\u00a0\u00bb|||\u00a0\u00bb][et_pb_wc_images _builder_version=\u00a0\u00bb3.0.47&Prime;][\/et_pb_wc_images][\/et_pb_column][et_pb_column type=\u00a0\u00bb1_2&Prime; _builder_version=\u00a0\u00bb3.25&Prime; custom_padding=\u00a0\u00bb|||\u00a0\u00bb custom_padding__hover=\u00a0\u00bb|||\u00a0\u00bb][et_pb_wc_title _builder_version=\u00a0\u00bb3.0.47&Prime;][\/et_pb_wc_title][et_pb_wc_rating _builder_version=\u00a0\u00bb3.0.47&Prime;][\/et_pb_wc_rating][et_pb_wc_price _builder_version=\u00a0\u00bb3.0.47&Prime;][\/et_pb_wc_price][et_pb_wc_description _builder_version=\u00a0\u00bb3.0.47&Prime;][\/et_pb_wc_description][et_pb_wc_add_to_cart _builder_version=\u00a0\u00bb3.0.47&Prime;][\/et_pb_wc_add_to_cart][et_pb_wc_meta _builder_version=\u00a0\u00bb3.0.47&Prime;][\/et_pb_wc_meta][\/et_pb_column][\/et_pb_row][et_pb_row _builder_version=\u00a0\u00bb4.7.4&Prime; _module_preset=\u00a0\u00bbdefault\u00a0\u00bb][et_pb_column type=\u00a0\u00bb4_4&Prime; _builder_version=\u00a0\u00bb4.7.4&Prime; _module_preset=\u00a0\u00bbdefault\u00a0\u00bb][et_pb_text _builder_version=\u00a0\u00bb4.7.4&Prime; _module_preset=\u00a0\u00bbdefault\u00a0\u00bb]<\/p>\n<h1>Les Tissus<\/h1>\n<p>[\/et_pb_text][et_pb_gallery gallery_ids=\u00a0\u00bb1257,1258,1259,1260,1261,1262,1263,1264,1265,1266,1343,1268&Prime; _builder_version=\u00a0\u00bb4.7.4&Prime; _module_preset=\u00a0\u00bbdefault\u00a0\u00bb hover_enabled=\u00a0\u00bb0&Prime; sticky_enabled=\u00a0\u00bb0&Prime;][\/et_pb_gallery][\/et_pb_column][\/et_pb_row][et_pb_row _builder_version=\u00a0\u00bb3.25&Prime; background_size=\u00a0\u00bbinitial\u00a0\u00bb background_position=\u00a0\u00bbtop_left\u00a0\u00bb background_repeat=\u00a0\u00bbrepeat\u00a0\u00bb width=\u00a0\u00bb100%\u00a0\u00bb][et_pb_column type=\u00a0\u00bb4_4&Prime; _builder_version=\u00a0\u00bb3.25&Prime; custom_padding=\u00a0\u00bb|||\u00a0\u00bb custom_padding__hover=\u00a0\u00bb|||\u00a0\u00bb][et_pb_wc_tabs _builder_version=\u00a0\u00bb3.0.47&Prime;]\t\t\t\t\t[\/et_pb_wc_tabs][et_pb_wc_upsells _builder_version=\u00a0\u00bb3.0.47&Prime;][\/et_pb_wc_upsells][et_pb_wc_related_products _builder_version=\u00a0\u00bb3.0.47&Prime;][\/et_pb_wc_related_products][\/et_pb_column][\/et_pb_row][\/et_pb_section]<\/p>\n","protected":false},"excerpt":{"rendered":"<p>Le kit soin du visage se compose:<\/p>\n<ul>\n<li>une pani\u00e8re ou un pochon distributeur<\/li>\n<li>6 lingettes<\/li>\n<li>un bandeau soin du visage<\/li>\n<\/ul>\n","protected":false},"featured_media":614,"comment_status":"open","ping_status":"closed","template":"","meta":{"_et_pb_use_builder":"on","_et_pb_old_content":"Votre lingette est con\u00e7u avec un tissu coton au recto et d'un tissu \u00e9ponge coton ou bambou au verso.\r\n\r\nVotre bandeau de soin est con\u00e7u avec un tissu coton qui sera \u00e0 l'ext\u00e9rieur et un tissu \u00e9ponge qui sera contre votre t\u00eate.\r\n\r\nVotre petit panier de rangement sera de bonne dimension pour ranger vos lingettes. Il se compose d'un tissu ext\u00e9rieur en coton et d'un tissu int\u00e9rieur identique au tissu recto de la lingette.\r\nLe pochon distributeur est pratique si vous n'avez pas de place pour poser une petite pani\u00e8re et que vous pr\u00e9f\u00e9rez l'accrocher. Il se compose d'un tissu ext\u00e9rieur en coton lourd, un tissu coton l\u00e9ger \u00e0 l'int\u00e9rieur, une petite bande de coton pour la glissi\u00e8re qui permettra de passer le cordon pour fermer le pochon et l'accrocher.\r\n\r\nLe tissu ext\u00e9rieur est un coton \u00e9pais sera utilis\u00e9 pour l'ext\u00e9rieur de la pani\u00e8re\r\nLe tissu int\u00e9rieur est un coton l\u00e9ger qui sera utilis\u00e9 pour le recto du bandeau et de la lingette ainsi que l'int\u00e9rieur de la pani\u00e8re.\r\nLe tissu \u00e9ponge sera utilis\u00e9 pour l'envers du bandeau et de la lingette.\r\n\r\nTaille des lingettes: 10cm x 10cm\r\n\r\nTaille de la pani\u00e8re: 12 cm de longueur, 15 cm de hauteur et 10 cm de largeur.\r\nTaille du pochon: 18cm de hauteur \/ base de 10*10cm \/ ouverture: 7*5cm\r\n\r\nTaille du bandeau: 70cm, r\u00e9glable gr\u00e2ce \u00e0 son scratch\r\n<div class=\"et_pb_module et_pb_wc_tabs et_pb_wc_tabs_0 et_pb_tabs \">\r\n<div class=\"et_pb_all_tabs\">\r\n<div class=\"et_pb_tab clearfix et_pb_active_content et-pb-active-slide\">\r\n<div class=\"et_pb_tab_content\">\r\n<p class=\"p1\">Entretien: Lavage en machine \u00e0 30\u00b0 \/ S\u00e8che linge \u00e0 chaleur faible \/ Repassage possible en faisant attention stop cordon<\/p>\r\n\r\n<\/div>\r\n<\/div>\r\n<\/div>\r\n<\/div>","_et_gb_content_width":""},"product_brand":[],"product_cat":[164,157],"product_tag":[],"class_list":{"0":"post-612","1":"product","2":"type-product","3":"status-publish","4":"has-post-thumbnail","6":"product_cat-pack","7":"product_cat-soin","8":"wcpa_has_options","10":"first","11":"instock","12":"shipping-taxable","13":"purchasable","14":"product-type-simple"},"jetpack_sharing_enabled":true,"_links":{"self":[{"href":"https:\/\/mademoisellelicorne.fr\/index.php\/wp-json\/wp\/v2\/product\/612","targetHints":{"allow":["GET"]}}],"collection":[{"href":"https:\/\/mademoisellelicorne.fr\/index.php\/wp-json\/wp\/v2\/product"}],"about":[{"href":"https:\/\/mademoisellelicorne.fr\/index.php\/wp-json\/wp\/v2\/types\/product"}],"replies":[{"embeddable":true,"href":"https:\/\/mademoisellelicorne.fr\/index.php\/wp-json\/wp\/v2\/comments?post=612"}],"wp:featuredmedia":[{"embeddable":true,"href":"https:\/\/mademoisellelicorne.fr\/index.php\/wp-json\/wp\/v2\/media\/614"}],"wp:attachment":[{"href":"https:\/\/mademoisellelicorne.fr\/index.php\/wp-json\/wp\/v2\/media?parent=612"}],"wp:term":[{"taxonomy":"product_brand","embeddable":true,"href":"https:\/\/mademoisellelicorne.fr\/index.php\/wp-json\/wp\/v2\/product_brand?post=612"},{"taxonomy":"product_cat","embeddable":true,"href":"https:\/\/mademoisellelicorne.fr\/index.php\/wp-json\/wp\/v2\/product_cat?post=612"},{"taxonomy":"product_tag","embeddable":true,"href":"https:\/\/mademoisellelicorne.fr\/index.php\/wp-json\/wp\/v2\/product_tag?post=612"}],"curies":[{"name":"wp","href":"https:\/\/api.w.org\/{rel}","templated":true}]}}

<p>Le kit soin du visage se compose:</p>
<ul>
<li>une panière ou un pochon distributeur</li>
<li>6 lingettes</li>
<li>un bandeau soin du visage</li>
</ul>

Votre lingette est conçu avec un tissu coton au recto et d'un tissu éponge coton ou bambou au verso.

Votre bandeau de soin est conçu avec un tissu coton qui sera à l'extérieur et un tissu éponge qui sera contre votre tête.

Votre petit panier de rangement sera de bonne dimension pour ranger vos lingettes. Il se compose d'un tissu extérieur en coton et d'un tissu intérieur identique au tissu recto de la lingette.
Le pochon distributeur est pratique si vous n'avez pas de place pour poser une petite panière et que vous préférez l'accrocher. Il se compose d'un tissu extérieur en coton lourd, un tissu coton léger à l'intérieur, une petite bande de coton pour la glissière qui permettra de passer le cordon pour fermer le pochon et l'accrocher.

Le tissu extérieur est un coton épais sera utilisé pour l'extérieur de la panière
Le tissu intérieur est un coton léger qui sera utilisé pour le recto du bandeau et de la lingette ainsi que l'intérieur de la panière.
Le tissu éponge sera utilisé pour l'envers du bandeau et de la lingette.

Taille des lingettes: 10cm x 10cm

Taille de la panière: 12 cm de longueur, 15 cm de hauteur et 10 cm de largeur.
Taille du pochon: 18cm de hauteur / base de 10*10cm / ouverture: 7*5cm

Taille du bandeau: 70cm, réglable grâce à son scratch
<div class="et_pb_module et_pb_wc_tabs et_pb_wc_tabs_0 et_pb_tabs ">
<div class="et_pb_all_tabs">
<div class="et_pb_tab clearfix et_pb_active_content et-pb-active-slide">
<div class="et_pb_tab_content">
<p class="p1">Entretien: Lavage en machine à 30° / Sèche linge à chaleur faible / Repassage possible en faisant attention stop cordon</p>

</div>
</div>
</div>
</div>
